 Let o = 22 + q. Suppose -5*m + 125 = -k - 209, 74 = m - 2*k. What is the greatest common divisor of o and m?
6
Suppose 0*a + 16 = 2*a. What is the greatest common divisor of a and 88?
8
Let w(y) = 11*y**2 - y - 2. Let q be w(-3). Let d be -3 - (-26)/(-1 - -3). What is the greatest common factor of d and q?
10
Suppose -2*x - 12 = 4*r, -5*r = -2 + 12. Let o = 33 - x. What is the highest common divisor of o and 14?
7
Let d be 2/(-4) - (-36)/8. Calculate the greatest common divisor of 20 and d.
4
Suppose 4*o - 1347 - 1217 = 0. Suppose -o - 203 = -2*d. Suppose -5*l = -d + 22. Calculate the greatest common factor of l and 10.
10
Suppose -43 = 5*q - 163. Let f be (2/2 - -7)*1. What is the greatest common factor of f and q?
8
Let z(p) = -p**2 + 7*p - 3. Let k be z(7). Let v be (4 - k)/(2/4). What is the greatest common divisor of v and 112?
14
Let w(z) = 25*z**3 - 2*z + 1. Let c = 4 - 3. Let h be w(c). What is the greatest common factor of 12 and h?
12
Suppose -j + 27 = -0*j. Suppose 0 = -3*v + 8 + 1. What is the greatest common divisor of j and v?
3
Suppose 5*g = -b + 3*b - 193, 2*b - g - 197 = 0. Calculate the highest common factor of 11 and b.
11
Let d = -303 - -446. What is the greatest common factor of d and 39?
13
Suppose -4*s - 3*c = -30 + 7, 3*s + 19 = 5*c. Let h(r) = -4*r - 68. Let d be h(-17). Let q = d + s. Calculate the greatest common divisor of 22 and q.
2
Suppose 2 = i - 3. Suppose 0*b = i*b - 55. Let n = -2 + b. Calculate the greatest common factor of n and 63.
9
Let s(y) = y**3 + 8*y**2 - 14*y - 12. Let h be s(-9). Let g = 3 + h. What is the highest common divisor of g and 90?
18
Suppose -2 = 4*g + 2, 3*y - 4*g - 85 = 0. What is the greatest common factor of 18 and y?
9
Suppose 5*n - 328 + 8 = 5*d, -5*n = -5. Let g = 175 + d. What is the greatest common divisor of 16 and g?
16
Suppose -3*s + 18 + 18 = 0. Let p be -3 + 2 + 4 + s. Suppose -2*x + 51 = p. What is the highest common divisor of 12 and x?
6
Suppose -6 + 1 = -i. Suppose -4*y + 22 = i*w - 3, 3 = y - 2*w. Suppose -4*f - 275 = -y*j, j + 2*f - 56 = 3*f. What is the highest common factor of j and 17?
17
Let f(n) = -8*n**2 + n - 1. Let y(q) = -1. Let z(b) = -f(b) + y(b). Suppose a - 10 = -4*a. Let m be z(a). What is the highest common factor of m and 6?
6
Let y = -21 + 9. Let l = 21 + y. Calculate the greatest common divisor of 3 and l.
3
Let h = -9 - -13. Suppose -3*c - 70 = -h*c. Calculate the greatest common factor of 14 and c.
14
Suppose -5*g = -4*l - 100, g - 4*l - 2 = 2. What is the greatest common divisor of g and 108?
12
Let n(w) = 3 - 5 + 0*w - w + 0*w. Let s be n(-5). Calculate the greatest common divisor of 1 and s.
1
Let c be (21/(-14))/(3/(-4)). What is the highest common factor of 14 and c?
2
Suppose w - 5*g = 18 + 6, 0 = -3*w + 2*g + 46. Calculate the greatest common divisor of 21 and w.
7
Suppose 5*n + 5*h = 145, 8 = 4*n + h - 111. Let r be (-1084)/(-24) + (-2)/12. What is the greatest common factor of r and n?
15
Let x be 6/4 + 19/(-2). Let f be (-6)/2 + (-464)/x. Suppose -10 = -4*w + 10. What is the greatest common factor of f and w?
5
Let k be 11/(-1*1/5). Let n be (-2)/((-108)/k + -2). What is the highest common divisor of n and 5?
5
Suppose -2*z + 3*z = 0. Suppose -4*j - 12 + 44 = z. What is the highest common divisor of 88 and j?
8
Suppose 5*c + n - 1704 = 0, -6*n + 2*n = 4. Calculate the greatest common divisor of c and 31.
31
Let s be 3 + (1 + 1)*-4. Let q be (s/(-3))/((-6)/(-18)). What is the highest common factor of 2 and q?
1
Let d = -4 - -5. Let l be -2 + 77 - d*3. What is the greatest common factor of 24 and l?
24
Let z(s) = 4*s**2 - s + 5. Let n(d) = 5*d**2 - d + 6. Let o(y) = 5*n(y) - 6*z(y). Let i be o(-6). What is the greatest common factor of 10 and i?
10
Let q be 3/((-9)/6)*6. Let z(t) = -t - 4. Let h be z(-6). Let w be (16/q)/(h/(-6)). What is the greatest common divisor of w and 4?
4
Let a(u) = -5*u + 43. Let d be a(5). What is the greatest common factor of 42 and d?
6
Suppose 43 = 2*h - 29. Let d = 29 + -21. Suppose 0 = 3*k - d*k + 20. Calculate the highest common factor of h and k.
4
Suppose -s = -3*s + 6. Suppose -3*f = -u - 237 - 194, 0 = f - s*u - 141. What is the greatest common factor of 16 and f?
16
Suppose 0 = 4*y - 2 - 6. What is the highest common factor of y and 6?
2
Let w = 9 + -4. Suppose -t + 7 = -w. Calculate the highest common factor of 12 and t.
12
Let b be (-12)/(-9)*(-375)/(-20). What is the highest common divisor of 50 and b?
25
Suppose -17 = 4*o + 5*c - 86, 3*c - 75 = -4*o. What is the highest common divisor of o and 168?
21
Suppose 0*q + 2*q = 4. Suppose -2*s + 21 = 3*a, -s - 4 - 3 = -q*a. Suppose 1 = -t - 4, s*r - 3*t = 36. What is the highest common divisor of r and 56?
7
Suppose 0 = -3*p + 4*p - 3. Suppose 2*a - 3*y - 7 = 7, 0 = -p*a + 4*y + 22. Calculate the greatest common factor of 25 and a.
5
Let b = 20 - 7. Let j = 2 - 1. Let y be 320/5 + j/1. Calculate the highest common divisor of y and b.
13
Let z(u) be the second derivative of -u**3/6 + u**2 - u. Let a be z(-5). Let w = 113 - 78. What is the highest common factor of w and a?
7
Suppose 5*x + 7 = 2. Let c = x - -12. What is the greatest common factor of 55 and c?
11
Let a be 1 - (-9 + 8/(-4)). What is the greatest common factor of a and 36?
12
Suppose 0 = -4*o + 8, 4*o - 133 = -2*k + 285. Suppose 4*a + 15 = 4*w - 145, -4*w = 5*a - k. Calculate the highest common factor of w and 18.
9
Suppose w + 2*q - 22 = 0, 9*w - 4*q - 4 = 7*w. What is the highest common factor of w and 12?
12
Let q(d) = -d**3 + 11*d**2 - d + 16. Let s be q(11). Let p be ((-1)/(-2))/(s/300). What is the greatest common divisor of p and 45?
15
Let z = -150 + 180. What is the greatest common factor of z and 3?
3
Suppose -121 = -14*d + 3*d. Calculate the highest common divisor of 55 and d.
11
Let c = 21 - -16. Calculate the highest common divisor of 111 and c.
37
Let c be -1*(-4)/1 + 1. Let o = -2 + 6. Suppose o*v + 4 = 6*v. Calculate the greatest common factor of c and v.
1
Let f be (-4)/18 + (-106)/9. Let t = 18 - f. What is the greatest common divisor of t and 20?
10
Let x be 0/(-2) + 22 + 1. Let h(d) = d**2 - d + 23. Let b be h(0). Calculate the highest common factor of x and b.
23
Let w be (9 - -4) + 1*-4. Calculate the greatest common factor of w and 81.
9
Let m(n) = -n**2 + 16. Let j be m(0). Suppose 2 - 66 = -4*f. Calculate the greatest common divisor of j and f.
16
Let x(k) = -2*k - 1. Let n be x(-4). Suppose -12 - n = -a. Let w be (-4098)/(-27) - (-4)/18. What is the highest common factor of a and w?
19
Suppose 3*x + 3*j - 327 = 0, 2*x + 2*x = 4*j + 460. Suppose 6 = -o - 5*i, -6*i + 36 = 4*o - i. Calculate the greatest common factor of o and x.
14
Let j = 23 - 11. Calculate the greatest common factor of 8 and j.
4
Let y be -178 - (2 - (4 - 0)). Let r = y - -104. Let k = 141 + r. Calculate the greatest common divisor of k and 23.
23
Suppose -10 = -6*c + 5*c. Calculate the greatest common factor of 10 and c.
10
Let m(o) = -o - 16. Let i be m(-22). What is the greatest common divisor of i and 18?
6
Suppose -v = -26 - 6. Calculate the greatest common divisor of 224 and v.
32
Suppose -2*d = m + 3*d + 9, -4*m - 5*d = -9. What is the highest common factor of m and 54?
6
Let q(c) = -5*c + 4. Let u be q(-3). Calculate the greatest common divisor of 19 and u.
19
Let p = 81 + -56. Suppose -5*l - 25 = -3*k, -2*k - 9*l + 16 = -12*l. Calculate the highest common factor of p and k.
5
Suppose -5*p + 49 = 5*y - 36, -y - 43 = -3*p. Calculate the highest common factor of p and 120.
15
Let h = 161 + -81. Let l(x) = -4*x**3 - 4*x**2 - 2*x. Let u be l(-2). Suppose u = c + 4. What is the highest common divisor of c and h?
16
Suppose -38 = -2*p - 2*x, -x + 32 + 11 = 2*p. Let m be (3 - 1) + 1/1. Suppose -m*u - p = -7*u. Calculate the highest common divisor of 18 and u.
6
Let u = -1 - -15. Let f = 31 - -4. What is the highest common factor of u and f?
7
Let q = 28 - 17. Let k = 10 + 7. Let j = k - q. Calculate the highest common divisor of 9 and j.
3
Suppose -138 = -4*k - 26. Let g(l) = l**3 + 6*l**2 - l - 4. Let s be g(-6). Suppose 0 = -b + 2 + s. What is the greatest common divisor of k and b?
4
Let k(r) = 31*r. Let o be k(7). Let d = o - 153. What is the highest common factor of d and 16?
16
Let l be 46*